{"id":690,"date":"2022-05-23T10:12:38","date_gmt":"2022-05-23T13:12:38","guid":{"rendered":"https:\/\/cacic2022.unlar.edu.ar\/?page_id=690"},"modified":"2022-09-29T21:16:38","modified_gmt":"2022-09-30T00:16:38","slug":"transportes","status":"publish","type":"page","link":"https:\/\/cacic2022.unlar.edu.ar\/?page_id=690","title":{"rendered":"Transporte"},"content":{"rendered":"\t\t<div data-elementor-type=\"wp-page\" data-elementor-id=\"690\" class=\"elementor elementor-690\">\n\t\t\t\t\t\t\t\t\t<section class=\"elementor-section elementor-top-section elementor-element elementor-element-d8f1427 elementor-section-content-middle elementor-section-full_width elementor-section-height-default elementor-section-height-default\" data-id=\"d8f1427\" data-element_type=\"section\" data-settings=\"{&quot;background_background&quot;:&quot;slideshow&quot;,&quot;background_slideshow_gallery&quot;:[{&quot;id&quot;:972,&quot;url&quot;:&quot;https:\\\/\\\/cacic2022.unlar.edu.ar\\\/wp-content\\\/uploads\\\/2022\\\/06\\\/CALL-OF-PAPER4.png&quot;}],&quot;background_slideshow_loop&quot;:&quot;yes&quot;,&quot;background_slideshow_slide_duration&quot;:5000,&quot;background_slideshow_slide_transition&quot;:&quot;fade&quot;,&quot;background_slideshow_transition_duration&quot;:500}\">\n\t\t\t\t\t\t\t<div class=\"elementor-background-overlay\"><\/div>\n\t\t\t\t\t\t\t<div class=\"elementor-container elementor-column-gap-no\">\n\t\t\t\t\t<div class=\"elementor-column elementor-col-100 elementor-top-column elementor-element elementor-element-085b8e3\" data-id=\"085b8e3\" data-element_type=\"column\">\n\t\t\t<div class=\"elementor-widget-wrap elementor-element-populated\">\n\t\t\t\t\t\t\t\t<div class=\"elementor-element elementor-element-73cc5f4 elementor-view-default elementor-vertical-align-top elementor-widget elementor-widget-icon-box\" data-id=\"73cc5f4\" data-element_type=\"widget\" data-widget_type=\"icon-box.default\">\n\t\t\t\t<div class=\"elementor-widget-container\">\n\t\t\t<link rel=\"stylesheet\" href=\"https:\/\/cacic2022.unlar.edu.ar\/wp-content\/plugins\/elementor\/assets\/css\/widget-icon-box.min.css\">\t\t<div class=\"elementor-icon-box-wrapper\">\n\t\t\t\t\t\t<div class=\"elementor-icon-box-content\">\n\t\t\t\t<h4 class=\"elementor-icon-box-title\">\n\t\t\t\t\t<span  >\n\t\t\t\t\t\t\t\t\t\t\t<\/span>\n\t\t\t\t<\/h4>\n\t\t\t\t\t\t\t\t\t<p class=\"elementor-icon-box-description\">\n\t\t\t\t\t\tTRANSPORTE\t\t\t\t\t<\/p>\n\t\t\t\t\t\t\t<\/div>\n\t\t<\/div>\n\t\t\t\t<\/div>\n\t\t\t\t<\/div>\n\t\t\t\t<div class=\"elementor-element elementor-element-87f7e0a elementor-widget elementor-widget-text-editor\" data-id=\"87f7e0a\" data-element_type=\"widget\" data-widget_type=\"text-editor.default\">\n\t\t\t\t<div class=\"elementor-widget-container\">\n\t\t\t<style>\/*! elementor - v3.6.5 - 27-04-2022 *\/\n.elementor-widget-text-editor.elementor-drop-cap-view-stacked .elementor-drop-cap{background-color:#818a91;color:#fff}.elementor-widget-text-editor.elementor-drop-cap-view-framed .elementor-drop-cap{color:#818a91;border:3px solid;background-color:transparent}.elementor-widget-text-editor:not(.elementor-drop-cap-view-default) .elementor-drop-cap{margin-top:8px}.elementor-widget-text-editor:not(.elementor-drop-cap-view-default) .elementor-drop-cap-letter{width:1em;height:1em}.elementor-widget-text-editor .elementor-drop-cap{float:left;text-align:center;line-height:1;font-size:50px}.elementor-widget-text-editor .elementor-drop-cap-letter{display:inline-block}<\/style>\t\t\t\t<p><strong>Transporte P\u00fablico de Pasajeros <\/strong><\/p>\t\t\t\t\t\t<\/div>\n\t\t\t\t<\/div>\n\t\t\t\t\t<\/div>\n\t\t<\/div>\n\t\t\t\t\t\t\t<\/div>\n\t\t<\/section>\n\t\t\t\t<section class=\"elementor-section elementor-top-section elementor-element elementor-element-299529c elementor-section-boxed elementor-section-height-default elementor-section-height-default\" data-id=\"299529c\" data-element_type=\"section\">\n\t\t\t\t\t\t<div class=\"elementor-container elementor-column-gap-default\">\n\t\t\t\t\t<div class=\"elementor-column elementor-col-100 elementor-top-column elementor-element elementor-element-7cc2d71\" data-id=\"7cc2d71\" data-element_type=\"column\">\n\t\t\t<div class=\"elementor-widget-wrap elementor-element-populated\">\n\t\t\t\t\t\t\t\t<div class=\"elementor-element elementor-element-cf7970a elementor-widget elementor-widget-text-editor\" data-id=\"cf7970a\" data-element_type=\"widget\" data-widget_type=\"text-editor.default\">\n\t\t\t\t<div class=\"elementor-widget-container\">\n\t\t\t\t\t\t\t<strong>Rioja Bus<\/strong> es un proveedor de transporte p\u00fablico en La Rioja que opera rutas de Autob\u00fas. Rioja Bus tiene 9 rutas de Autob\u00fas en La Rioja con 641 paradas de Autob\u00fas. Sus rutas de Autob\u00fas cubren un \u00e1rea desde la parada Avenida San Francisco, 5727 hasta Parada y desde la parada Inicio De L\u00ednea hasta Escuela 386.\t\t\t\t\t\t<\/div>\n\t\t\t\t<\/div>\n\t\t\t\t<div class=\"elementor-element elementor-element-bd65522 elementor-align-left elementor-widget elementor-widget-button\" data-id=\"bd65522\" data-element_type=\"widget\" data-widget_type=\"button.default\">\n\t\t\t\t<div class=\"elementor-widget-container\">\n\t\t\t\t\t<div class=\"elementor-button-wrapper\">\n\t\t\t<a href=\"https:\/\/moovitapp.com\/index\/es-419\/transporte_p%C3%BAblico-lines-La_Rioja-5539-1917710\" class=\"elementor-button-link elementor-button elementor-size-sm\" role=\"button\">\n\t\t\t\t\t\t<span class=\"elementor-button-content-wrapper\">\n\t\t\t\t\t\t\t<span class=\"elementor-button-icon elementor-align-icon-left\">\n\t\t\t\t<i aria-hidden=\"true\" class=\"fas fa-bus\"><\/i>\t\t\t<\/span>\n\t\t\t\t\t\t<span class=\"elementor-button-text\">Rioja Bus<\/span>\n\t\t<\/span>\n\t\t\t\t\t<\/a>\n\t\t<\/div>\n\t\t\t\t<\/div>\n\t\t\t\t<\/div>\n\t\t\t\t<div class=\"elementor-element elementor-element-aff0945 elementor-widget elementor-widget-text-editor\" data-id=\"aff0945\" data-element_type=\"widget\" data-widget_type=\"text-editor.default\">\n\t\t\t\t<div class=\"elementor-widget-container\">\n\t\t\t\t\t\t\t<p>En nuestra ciudad para hacer uso del transporte p\u00fablico se necesita disponer de una tarjeta llamada <strong>SIRVE. <\/strong>Cada tarjeta tendr\u00e1 un valor de 15 pesos, cada viaje tendr\u00e1 un costo de $40 pesos para usuarios en general; personas discapacitadas podr\u00e1n viajar gratis. Hay que contar con saldo suficiente para poder viajar por lo que se podr\u00e1 cargar el saldo que se desee.<\/p>\n<p><strong>PUNTOS DE RECARGA EN ZONA CENTRO<\/strong><br>&#8211; Maxi Kiosco La Playa &#8211; Av. Rivadavia 420<br>&#8211; Maxi Kiosco Centro &#8211; Lamadrid 91 Esq. Pelagio B. Luna<br>&#8211; El DKA &#8211; Joaqu\u00edn V. Gonz\u00e1lez Esq. Alberdi<br>&#8211; Panader\u00eda La Orqu\u00eddea &#8211; Av. Facundo Quiroga<br>&#8211; Cyber ZN &#8211; Av. Per\u00f3n 963<br>&#8211; Chango M\u00e1s &#8211; Av. Ortiz de Ocampo y Ejercito Argentino<br>&#8211; Kiosco Pat\u00e1n &#8211; Pelagio B. Luna 456<br>&#8211; El DKA II &#8211; Belgrano 70<br>&#8211; Shell &#8211; Av. Rivadavia 27<br>&#8211; Comedor Rivadavia &#8211; Av. Rivadavia 941<br>&#8211; Kiosco Rubito &#8211; Av. Rivadavia al 400<br>&#8211; Rapipago Sur II &#8211; Joaqu\u00edn V. Gonz\u00e1lez 594 &#8211; Frente a los Monoblock<br>&#8211; Maxi Kiosco Var\u00f3n &#8211; 8 de Diciembre 346 \u2013 Frente a Farmacia OSECAC<br>&#8211; Telecentro Rivadavia &#8211; Av. Rivadavia 702 \u2013 Frente a Banco Rioja<br>&#8211; Los Hermanos Vidal &#8211; Santa Fe 791<br>&#8211; Fotocopiadora San Cayetano &#8211; Av. Carlos Sa\u00fal Menem 765<br>&#8211; Kiosco San Vicente &#8211; Roque A. Luna y San Nicol\u00e1s de Bari<br>&#8211; Supermercado Vea &#8211; Av. Laprida 500<br>&#8211; Sorpresas Copias &#8211; San Nicol\u00e1s de Bari (Oeste) 848<br>&#8211; ATM-380100001 &#8211; Belgrano 78<\/p>\n<p><strong>PUNTOS DE RECARGA EN ZONA SUR<\/strong><br>&#8211; Minimarket Cari &#8211; B\u00b0 N\u00e9stor Kirchner<br>&#8211; Easy &#8211; Artigas y Pedro Bondembender<br>&#8211; Rapipago (Sur) &#8211; Av. Ortiz de Ocampo y Homero Coronel Montes<br>&#8211; Kiosco Sagrado Coraz\u00f3n &#8211; Rosa Arga\u00f1araz 102 \u2013 B\u00b0 Los Caudillos<br>&#8211; Despensa Estela Maris &#8211; Calle Corona de Cristo 58 \u2013 Manzana 997<\/p>\n<p><strong>PUNTOS DE RECARGA EN ZONA NORTE<\/strong><br>&#8211; Autoservicio Molina &#8211; Av. Alem 580 \u2013 B\u00b0 Vargas<br>&#8211; Despensa Las Mellis &#8211; Avenida Ram\u00edrez de Velazco y Proyectada 9108<br>&#8211; Poli rubro Marta Cristina &#8211; Pen\u00ednsula Trinidad 3224<br>&#8211; Minimarket Express 24 &#8211; Avenida \u00c1ngel V. Pe\u00f1aloza 510<br>&#8211; Poli rubro P\u00e1ez &#8211; Colon 180 \u2013 B\u00b0 20 de Mayo<br>&#8211; Kiosco Var\u00f3n 2 &#8211; Avenida Los Incas 961 \u2013 B\u00b0 Facundo Quiroga<\/p>\n<p><strong>PUNTOS DE RECARGA EN ZONA OESTE<\/strong><br>&#8211; Despensa Maxi &#8211; Quito 1251 \u2013 B\u00b0 Santa Mar\u00eda<br>&#8211; Maxi Kiosco El Charro &#8211; Avenida Oyola y continuaci\u00f3n de Pelagio B. Luna<br>&#8211; DKA MYM &#8211; Avenida Ram\u00edrez de Velazco esq. 30 de Septiembre<\/p>\t\t\t\t\t\t<\/div>\n\t\t\t\t<\/div>\n\t\t\t\t\t<\/div>\n\t\t<\/div>\n\t\t\t\t\t\t\t<\/div>\n\t\t<\/section>\n\t\t\t\t\t\t\t<\/div>\n\t\t","protected":false},"excerpt":{"rendered":"<p>TRANSPORTE Transporte P\u00fablico de Pasajeros Rioja Bus es un proveedor de transporte p\u00fablico en La Rioja que opera rutas de Autob\u00fas. Rioja Bus tiene 9 rutas de Autob\u00fas en La Rioja con 641 paradas de Autob\u00fas. Sus rutas de Autob\u00fas cubren un \u00e1rea desde la parada Avenida San Francisco, 5727 hasta Parada y desde la &hellip;<\/p>\n<p class=\"read-more\"> <a class=\"\" href=\"https:\/\/cacic2022.unlar.edu.ar\/?page_id=690\"> <span class=\"screen-reader-text\">Transporte<\/span> Leer m\u00e1s &raquo;<\/a><\/p>\n","protected":false},"author":1,"featured_media":0,"parent":0,"menu_order":0,"comment_status":"closed","ping_status":"closed","template":"","meta":{"site-sidebar-layout":"no-sidebar","site-content-layout":"page-builder","ast-global-header-display":"","ast-main-header-display":"","ast-hfb-above-header-display":"","ast-hfb-below-header-display":"","ast-hfb-mobile-header-display":"","site-post-title":"disabled","ast-breadcrumbs-content":"","ast-featured-img":"disabled","footer-sml-layout":"","theme-transparent-header-meta":"default","adv-header-id-meta":"","stick-header-meta":"","header-above-stick-meta":"","header-main-stick-meta":"","header-below-stick-meta":""},"_links":{"self":[{"href":"https:\/\/cacic2022.unlar.edu.ar\/index.php?rest_route=\/wp\/v2\/pages\/690"}],"collection":[{"href":"https:\/\/cacic2022.unlar.edu.ar\/index.php?rest_route=\/wp\/v2\/pages"}],"about":[{"href":"https:\/\/cacic2022.unlar.edu.ar\/index.php?rest_route=\/wp\/v2\/types\/page"}],"author":[{"embeddable":true,"href":"https:\/\/cacic2022.unlar.edu.ar\/index.php?rest_route=\/wp\/v2\/users\/1"}],"replies":[{"embeddable":true,"href":"https:\/\/cacic2022.unlar.edu.ar\/index.php?rest_route=%2Fwp%2Fv2%2Fcomments&post=690"}],"version-history":[{"count":56,"href":"https:\/\/cacic2022.unlar.edu.ar\/index.php?rest_route=\/wp\/v2\/pages\/690\/revisions"}],"predecessor-version":[{"id":2297,"href":"https:\/\/cacic2022.unlar.edu.ar\/index.php?rest_route=\/wp\/v2\/pages\/690\/revisions\/2297"}],"wp:attachment":[{"href":"https:\/\/cacic2022.unlar.edu.ar\/index.php?rest_route=%2Fwp%2Fv2%2Fmedia&parent=690"}],"curies":[{"name":"wp","href":"https:\/\/api.w.org\/{rel}","templated":true}]}}